25
Suppose 2*v + d + 16 = 2, 4*d + 6 = 2*v. Let k(h) = -h**3 - 4*h**2 + 5*h. Give k(v).
0
Let u(r) = r - 4. Let y be u(2). Let w(x) be the second derivative of 1/12*x**4 - 1/20*x**5 - 1/2*x**2 - x + 0 + 1/3*x**3. Calculate w(y).
7
Let k(h) = 2*h**2 - 4*h + 2. Let m(y) = y**2 - y + 4. Let t be m(0). Suppose 5*d = t*f + 42, -2*d + 4*f + 12 = -0*d. Let q be 32/20*d/4. Calculate k(q).
18
Suppose -5*n + 10 = 2*h, n = -2*h - h - 11. Let j(u) = -6*u**2 + 116*u - 26. Let k(z) = -z**2 + 21*z - 5. Let a(m) = -2*j(m) + 11*k(m). Give a(n).
9
Let u = -16 + 21. Suppose -8 - 2 = u*p. Let y(g) = -2*g**2 - 3*g. Give y(p).
-2
Let u(d) = 7*d + 4. Let y(x) = -x**2 - 18*x - 6. Let t be y(-18). Let v(n) = n + 1. Let o(k) = t*v(k) + u(k). What is o(-4)?
-6
Let r(z) be the second derivative of 0 + 1/2*z**3 - 2*z - z**2. What is r(6)?
16
Suppose 2*j + j - 3 = 0. Let z = j + -3. Let b(h) = -h**2 - 3*h - 1. Calculate b(z).
1
Suppose 0 = 3*s + 38 - 8. Let c be 0/(24/(-10) - 4/s). Let y(w) = w - 10. Determine y(c).
-10
Let v(f) = -1. Let r(m) = m. Let w(i) = -r(i) + 3*v(i). Let o(s) = -3*s - 7. Let h(j) = -5*j - 15. Let g(u) = -4*h(u) + 7*o(u). Let p be g(7). What is w(p)?
-7
Let g(f) = 797*f - 396*f - 402*f + 7 + 1. Let w be 2/(11/(-4) - -3). Calculate g(w).
0
Let x(m) = 5*m**3 + 8*m**2 + 7*m - 6. Let g(b) = 4*b**3 + 8*b**2 + 6*b - 5. Let u(l) = -6*g(l) + 5*x(l). Determine u(8).
-8
Let q be 1*(24/4 - -1). Suppose q*s = 3*s + 8. Let n(p) = p**2 - p + 15 - 71*p**3 + 70*p**3 - 6 - s*p**2. Give n(0).
9
Let v(r) = r**3 + 5*r**2 - 2*r - 10. Let o = 9 + -14. Let c be v(o). Let s(p) = p**3 - p**2 + p - 7. Determine s(c).
-7
Suppose -2*d + 3*o = -0*d + 6, -8 = -2*o. Suppose -d*i = -7*i - 5*k - 26, -3*k = -i + 2. Let g(n) = n + 0*n - 2*n. Determine g(i).
4
Let u = 47 - 42. Let b(r) be the second derivative of -1/6*r**3 - 5*r**2 + 0 + u*r. Determine b(0).
-10
Let z be (-1)/(-2)*(2 - 2). Let a(p) be the second derivative of -p**4/12 + p**3/6 - p**2 - 826*p. Give a(z).
-2
Let o(c) = -2*c + 6. Let w be o(6). Let b = -21 - -27. Let a(g) = g + 4*g - 3 - b*g. Calculate a(w).
3
Let a(l) = -3*l + 1. Let o(h) = 2*h**2 + 21*h - 2. Let y(z) = -6*a(z) - o(z). Calculate y(3).
-31
Let j(s) = -s**3 + 15*s**2 + s. Let w be j(15). Let z(p) = -27 + p**2 + 7 + w - p. Give z(-4).
15
Let t = -6 + 4. Let q(l) = -l**2 - 1. Let p(k) = 4*k**2 - 2*k + 2. Let i = -209 - -208. Let z(m) = i*p(m) + t*q(m). Calculate z(-2).
-12
Let d(s) = -s**3 + 6*s**2 + 7*s + 2. Suppose 3*b - h - 21 = 1, 3*h = -b + 4. Determine d(b).
2
Suppose -20 + 72 = 5*x + 4*q, x - 5 = q. Let i(m) = 132*m**2 - 9 + x*m + 132*m**2 - 265*m**2. Determine i(6).
3
Suppose 6*z + 137 = 143. Let y(m) = -21*m**2. Give y(z).
-21
Let o(m) = 3*m**3 - 7*m**2 + 4*m - 6. Let c(u) = u**3 + u**2 + u - 1. Let f(w) = 4*c(w) - o(w). Give f(-11).
2
Let u(d) = -d**2 + 3*d + 3. Suppose 3*a + 2*a = -3*q + 35, 5*q = -a + 51. Let i(t) = 4*t**2 - 10*t - 10. Let c(k) = q*u(k) + 3*i(k). Calculate c(-1).
2
Let p(n) be the third derivative of n**6/120 + 7*n**5/60 - n**4/3 + 5*n**3/6 + 4*n**2 - 536*n. Let t(j) = j**3 - j**2 - 8. Let y be t(0). Give p(y).
5
Let g(k) = -3*k - 1. Let m(f) = 9*f. Let s(d) = 2*g(d) + m(d). Determine s(4).
10
Let f = -19 + 27. Suppose 3*u = 4*u - f. Suppose -2*x + 0*x = u. Let b(k) = k**2 + 6*k + 6. Give b(x).
-2
Suppose -1605 = -6*o - 1635. Let y(v) be the first derivative of -v**3/3 - 3*v**2 - 6*v - 3. Calculate y(o).
-1
Suppose -z + 3*d = 65 - 48, -2*z - 14 = -2*d. Let i(y) = -7*y + 6. Give i(z).
20
Suppose x = -h + 36, 3*x = -2*x - 4*h + 179. Let z = x - 42. Let f(b) = -b**2 - 6*b + 10. Determine f(z).
3
Let p be 6*(-8)/28*49/28. Let u(q) = -q**3 - 3*q**2 - 4*q - 6. Calculate u(p).
6
Let v(u) = -3*u + 0*u - u**2 + 0*u + 2*u + 2. Suppose -5*r + 13 = -a, -1 = -4*a + 2*r - 17. Determine v(a).
-4
Let h(m) = -5*m + m**3 - 2*m**3 + 10*m - 1 - 7*m - 7*m**2. What is h(-6)?
-25
Let l(b) = b**3 - 5*b**2 - b - 6. Let o(j) = 53*j + 536. Let q be o(-10). Determine l(q).
24
Let g(s) = 1 - 1 - 1 + s. Suppose 25*o - 55 = 5*h + 21*o, -4*o = 5*h + 15. Calculate g(h).
-8
Suppose -2*p + 6 - 2 = 0. Let w(r) = -2*r - 3. Let g(z) = -z - 4. Let k(s) = p*w(s) - 3*g(s). Let o be ((-2)/2)/(((-35)/(-21))/(-5)). Give k(o).
3
Suppose 4*n + 3*n + 105 = 0. Let j = -13 - n. Let t(u) = 2*u**2 + u + 1. Give t(j).
11
Suppose -5 - 4 = -i. Suppose 0 = -0*l + 2*l - 3*k - 9, 3*k = -5*l - i. Let f(d) = -d**2 - d - 5. Give f(l).
-5
Let m(g) = -10*g + 55. Let c(p) = 6*p**2 - 45*p + 81. Let s be c(5). What is m(s)?
-5
Let p(y) be the third derivative of y**4/24 + y**3/6 - 37*y**2. Let a be ((-21)/(-28))/(2/8). Let k = -1 - a. Calculate p(k).
-3
Let x be (-12)/(-9)*(-42)/(-4). Let o = -11 + x. Let p be (20/(-6))/(2/o). Let u(n) = -n**3 - 4*n**2 + 5*n + 6. Give u(p).
6
Let u(z) be the third derivative of -z**4/6 + 7*z**3/3 + 2*z**2 - 32. What is u(-11)?
58
Let r(z) = -1 - 22541*z - z**2 + 11267*z + 11269*z. Determine r(-5).
-1
Let h(g) = -11630 + 5812 + 5812 - g**2 - 10*g. Calculate h(-9).
3
Let l be -4*(2 + (10 - 1)). Let v be 12/(-66) + (-52)/l. Let g(d) = 3*d**2 + 2 + 2 - 3. Calculate g(v).
4
Let h(s) = 5*s + 8. Let r(t) = 14*t + 23. Let o(w) = 11*h(w) - 4*r(w). Let d be 5 + -2 - -13*1. Suppose -5*m + m - d = 0. Calculate o(m).
0
Suppose -2*c = 3*q + 15 + 2, -3*c = 2*q + 13. Let i(s) be the first derivative of s**2/2 + s + 6. What is i(c)?
0
Suppose 9 = -2*l + g - 6, 5*l + 4*g + 5 = 0. Let p = 8 + l. Suppose p*s = 3*y + 3 - 9, 2 = -y - s. Let w(o) = o**3 + o**2 + o + 1. Calculate w(y).
1
Let q(h) = -5*h**2 + 12*h + 14. Let k(j) = -3*j**2 + 6*j + 7. Let b(i) = -7*k(i) + 4*q(i). Determine b(-8).
23
Let l(j) be the first derivative of 1/4*j**4 - j**2 + 5*j + 5/3*j**3 + 6. Give l(-5).
15
Let h = -9 + 60. Let g(k) = -51*k + h*k + 1 - 3*k**3. What is g(-1)?
4
Let r(f) = -f**2 - 6*f - 1. Let l(a) = -8*a**3 + 10*a**3 - a**3 - 2*a**3. Let v be l(0). Suppose 0 = 5*n + t + 22, -3*n + 5*t = -v + 30. What is r(n)?
4
Suppose 11*o + 80 = 14. Let k(s) be the second derivative of s**5/40 + s**4/8 - s**3 - 2*s. Let u(l) be the second derivative of k(l). What is u(o)?
-15
Let u(s) = s - 11. Suppose -4*a - 20 = -60. Let f be u(a). Let o(r) = 0*r - 2*r + 9*r**2 - 1 - 15*r**2. Calculate o(f).
-5
Let r(q) = 18*q**2 - 492*q**3 - 17 + 2*q - 10 + 491*q**3. Let k be r(18). Let t(v) = -v**3 + 10*v**2 - 8*v - 3. What is t(k)?
6
Let c(r) = 4*r**3 - 4*r**2 + r + 1. Let l(n) = 2*n**3 - n**2 + n + 1. Let u(v) = c(v) - 3*l(v). Let b = -41 - -39. Give u(b).
14
Let x(u) = 358*u + 25*u**2 - 15*u**2 - 11*u**2 - 178*u - 178*u - 1. Let h = 1 - -1. Calculate x(h).
-1
Let b(v) = v - 8. Let c be b(11). Suppose 3*q = -y + 8, 2*y + 5*q + 0 = 14. Let s(t) = 8*t + t**3 - y*t - 4*t**2 - 3*t**c + t**3 + 1. Give s(-5).
-4
Let a(q) = 199 + q - 66 - 63 - 68. Let o be 10/(-6) + (-6)/(-9). Calculate a(o).
1
Let k(t) = 5*t. Let d(n) = -8*n + 8. Let h(q) = -d(q) - 2*k(q). Calculate h(-4).
0
Let y(c) = -c**2 + 11*c - 11. Let s be y(10). Let i(t) = -t**2 + 1. Let o be i(s). Let l(j) = j + 5 - 4 - 3 + 4. Give l(o).
2
Let m(o) = -7*o**2 - o + 1. Let v(i) = 7*i - 5. Let q be v(2). Let c(x) = -x**2 + 8*x + 10. Let z be c(q). Let d be z*(2 + -3) + 2. What is m(d)?
-7
Let v = 23 - 32. Let c be v/(-5)*(-20)/(-6). Let b(x) = -4*x - c*x**2 + 3*x**3 + 0 + 0*x**3 - 2*x**3 - 8. Calculate b(7).
13
Let r(p) = -87*p + 9. Let v(y) = -18*y + 2. Let l(n) = 5*r(n) - 24*v(n). Give l(4).
-15
Let g = 9 + -5. Let q(h) = -h + g*h - 5 - 4*h. Suppose -2*l = -5*n - 25, 0 = -3*l + 5*n + 28 - 3. Calculate q(l).
-5
Let o(c) be the third derivative of -c**6/60 - 2*c**5/15 - 5*c**4/12 - 2*c**3/3 - 543*c**2. What is o(-4)?
36
Let f(h) be the third derivative of h**5/60 + h**4/2 + 11*h**3/6 - 124*h**2. Calculate f(-11).
0
Let d(m) = -4*m**2 + 4*m - 4*m**2 - 11 - 12*m - m + 0*m - m**3. Give d(-7).
3
Let u(x) = -28*x. Let n(s) = 2*s. Let r(l) = 12*n(l) + u(l). Give r(-4).
16
Let k = -124 - -120. Let y(h) = -7 - 2 + 2*h**2 + 5 + 5*h. Give y(k).
8
Let o(n) be the third derivative of -n**5/30 + n**4/3 - n**3/2 + n**2. Let t = 2164 - 2159. Determine o(t).
-13
Let r = -8 + 6. Let i(h) be the second derivative of -1/3*h**3 + 0 + 1/2*h**2 - 1/4*h**4 + 8*h. What is i(r)?
-7
Let v(q) = 7*q**2 + q + 1. Let m be 2/11 - (-10)/(-55). Suppose 4*u - 24 + 8 = m. Let s(r) = 2*r - 9. Let